/2 + 4*t - 2. Suppose 0 = -0*s + 4*s + 80. Let o be 2*-1*s/8. Determine p(o).
4
Let f(o) be the first derivative of -o**7/840 - o**6/90 + o**5/30 + o**4/12 + o**3 - 3. Let j(b) be the third derivative of f(b). Give j(-5).
7
Let m(u) = u - 6. Suppose 20 = 4*v, v - 2 = -0*f + f. What is m(f)?
-3
Let y(p) = 0 + 5*p - 2*p + 8*p**2 - 5*p + 1. Calculate y(1).
7
Let z(t) = -t - 1. Let x be 46/(-12) - 4/24. Calculate z(x).
3
Let p(h) = 9*h - 1. Let n be p(1). Let s(k) = k + n - 8. Determine s(6).
6
Let s(r) = -3 + r**2 - 4*r**2 + 26*r + 2*r**2 - 21*r. Give s(4).
1
Let g(w) = -w**3 + 17*w**2 + 15*w + 55. Let t be g(18). Let f(r) = -9*r**3 + r**2 - 1. Give f(t).
-9
Let s(y) = -y**3 + 20*y**2 - y + 22. Let m be s(20). Let k(j) = -2*j**3 + 2*j**2 - 3*j + 3. What is k(m)?
-11
Let z(h) be the second derivative of h**3/6 - h**2/2 - 4*h. Suppose -6*k = -4*k + 6. Give z(k).
-4
Let c be -27 - -30 - 3*1. Let u(g) = g**3 - g**2 + g + 4. Give u(c).
4
Let f(l) = l**2 - 5*l + 5. Let n = -6 - -10. Suppose -n*m - 4 = -8. Let q = 3 + m. Calculate f(q).
1
Let i(t) = 6*t - 1. Suppose 33 = 4*q - 7. Let x = q - 9. What is i(x)?
5
Let b(c) be the second derivative of 7*c**3/6 + 3*c**2/2 - 18*c. What is b(-2)?
-11
Let o(y) = y + 8. Let j(h) = 3. Let t(k) = 11*j(k) - 4*o(k). Give t(1).
-3
Let f(p) = 2*p**3 - 5*p**2 + p - 5. Let d(i) = -4*i**3 + 9*i**2 - 2*i + 9. Let o(u) = 6*d(u) + 11*f(u). Determine o(-1).
1
Let j(s) = 2*s**2 - 4*s**2 + 3*s**2 - 1 + 2*s. Give j(-2).
-1
Let a(c) = 2 + 0*c + 1 + 2*c. Let h be 4*((-10)/8 - 0). Let s = h + 3. Give a(s).
-1
Suppose -2*l = 4*t + 42, -2*l - 32 = -3*t + 6*t. Let q = -5 - t. Let w(a) be the first derivative of -a**3/3 + 2*a**2 + a + 1. Calculate w(q).
-4
Let p(t) be the first derivative of 3*t**2/2 + 3*t - 1. Let u(h) = 3*h**3 + 2*h + 1. Let y be u(-1). What is p(y)?
-9
Let h(v) = 15*v**2 + 11 + 19*v**2 - 1. Suppose 0*f + f + 7 = 0. Let b(d) = 23*d**2 + 7. Let s(j) = f*b(j) + 5*h(j). What is s(-1)?
10
Let d(h) = -3*h**2. Let q(k) = 7*k**2 - k. Let l(c) = -5*d(c) - 2*q(c). Determine l(2).
8
Let c(x) = 2*x - 5. Let u(k) = k**2 + 7*k + 5. Let j be u(-7). Suppose -3*h + j*h + 2 = 0. Let b = h - -5. Give c(b).
3
Let d(w) = 2*w**3 + 4*w**2 - 4*w + 3*w - 4*w - 1 + 2*w. Let j(f) = 3*f**3 + 7*f**2 - 5*f - 1. Let b(c) = -5*d(c) + 3*j(c). What is b(2)?
-2
Let u(w) = 3*w. Let c(h) = -16*h. Let s(o) = -2*c(o) - 11*u(o). Suppose 0 = 5*m - 2*m - 3. Let k(r) = -3*r - 3. Let v(f) = m*k(f) - 4*s(f). Calculate v(2).
-1
Let f be 3/2 - (-27)/18. Suppose b - 2*b - 5*n + 21 = 0, -3*n + 3 = f*b. Let i(l) = -3 + l**2 + 1 + l + 3*l. Give i(b).
-2
Let f(d) = d - 1. Suppose -2*j - 10 = 4. Let s = j + 10. Determine f(s).
2
Let m be (-2)/10*(12/(-9) - 2). Let t(u) be the second derivative of -m*u**3 + 1/12*u**4 + 0 - 4*u - 3/2*u**2. What is t(3)?
-6
Let q(u) = u**3 + 3*u**2 + 2*u + 2. Let f = -10 + 14. Suppose 24 = -3*o - 5*d, 0 = -6*o + 3*o + f*d + 3. Give q(o).
-4
Let j be 0 - ((1 - -2) + 3). Let g be ((-16)/j - 2)*-6. Let i(q) = q**2 + 4*q - 4. What is i(g)?
-4
Let k(v) be the second derivative of -v**5/60 + v**3/3 - v**2 - 2*v. Let r(f) be the first derivative of k(f). Determine r(0).
2
Let l(o) = -2*o**2 - 6*o - 1. Let r(q) = -q + 1. Let k be r(-1). Suppose -k*z = -4*n, 5*z + n + 0 = -22. Calculate l(z).
-9
Let g(y) be the third derivative of -y**6/120 - y**5/12 + y**3/3 + 15*y**2. Determine g(-5).
2
Let z = -4 + 13. Suppose 12*o - z*o = 21. Let m(n) = -n**3 + 6*n**2 + 7*n - 6. Calculate m(o).
-6
Suppose 67*v + 8 = 69*v. Let i(s) be the third derivative of 1/60*s**5 + 1/3*s**3 - 5/24*s**v + 0*s - 2*s**2 + 0. What is i(2)?
-4
Let a(t) be the second derivative of t**5/20 - t**4/2 - t**3 - 5*t**2 - 2*t. Calculate a(7).
-3
Let l(q) = -q - 7. Suppose a + 5*m + 4 = 0, 5*m - 2 = 2*a + 6. What is l(a)?
-3
Suppose 3*b = 2*h - 7*h - 27, 2*b - 5*h = 7. Let i(a) = -a**2 - 3*a - 5. What is i(b)?
-9
Let j(o) be the first derivative of -o**3/3 + o**2 + 4*o + 2. Suppose -2*t = -0*t + 18. Let c = t - -14. Determine j(c).
-11
Suppose -40 = -7*w + 3*w + 3*n, 0 = 4*n. Suppose -5 - w = -3*k. Let m(s) = -3*s - 5. Let o(h) = 4*h + 8. Let t(q) = 7*m(q) + 5*o(q). Determine t(k).
0
Let d(w) = 5*w**2 - 2*w - 1. Let i be d(-1). Let f = i + -4. Let l(t) = t**f + 2*t + 4 - 2 + 1. Calculate l(-3).
6
Let a(d) = -6*d**2 + 2*d - 6. Let f(z) = -z**2 - z - 1. Let l(b) = a(b) - 5*f(b). Give l(6).
5
Let z(l) = 5*l + l**2 - 10*l - 5 + 0*l. Determine z(7).
9
Let b(p) = p**3 - p + 5. Suppose -3*t = 0, c = 2*c - 5*t - 5. Let o = 7 - c. Suppose 16 = o*x - 4*f - 0, 5*x + 2*f + 8 = 0. Calculate b(x).
5
Let l(f) = -f**2 + 5*f - 1. Let j(g) = 6*g. Let o be j(1). Let w = 10 - o. What is l(w)?
3
Let g(q) = q**3 + q**2 - q - 5. Let d = 13 - 8. Let i = d + -7. Let a be 2 + (i - -1) + -1. Give g(a).
-5
Let s(i) = i - 4. Let b be (9 + 1)*(-1)/(-2). What is s(b)?
1
Let q(d) = -d**2 + 4*d. Suppose 7*k = 4 + 10. Give q(k).
4
Let i(t) = -t**3 - 9*t**2 - 10*t - 7. Suppose 3*p = -68 + 44. What is i(p)?
9
Let o(t) = t**2 - t + 0*t - 2*t + 1. Calculate o(2).
-1
Let k(h) = h**3 + 5*h**2 + 3*h + 4. Suppose 11*u - 16*u - 20 = 0. Give k(u).
8
Let n(r) = -2*r + 1. Let u(s) = s. Let f(z) = -2*n(z) - 5*u(z). Give f(-3).
1
Let p(m) = -4*m**3 + 2*m**2 + 3*m - 6. Let w(u) = u**3 + u**2. Let s(o) = p(o) + 3*w(o). Give s(4).
22
Let x(s) = 8*s + 2. Let w(v) = 4*v + 1. Suppose 2*g + 11 - 3 = -4*z, 2*g = 4*z - 16. Let q(h) = g*x(h) + 11*w(h). What is q(-2)?
7
Let h(x) be the first derivative of -5/12*x**4 + 0*x**3 + 1/2*x**2 - 3*x - 4. Let k(u) be the first derivative of h(u). What is k(1)?
-4
Let i = 1 + -1. Let t(x) = -389*x - 1 - 1 + 388*x. Give t(i).
-2
Let i = 8 - 5. Let g(v) be the second derivative of -1/12*v**4 + 0*v**2 - v - 1/2*v**i + 0. Calculate g(-3).
0
Let i be 2 - (-3 + 0 + 1). Let o(n) = i*n + 3 - 3*n - n - n. Calculate o(4).
-1
Let x(b) be the second derivative of -b**5/60 - b**4/6 + b**3 - 5*b**2/2 - 5*b. Let g(j) be the first derivative of x(j). Determine g(-6).
-6
Suppose 5*m = 5*z + 45, -2*m = 4*z + 15 - 3. Let j be m/(-18) + 58/18. Let t(r) = -r + 1. What is t(j)?
-2
Let p = 0 - -1. Let w(k) = 20*k - 1. Determine w(p).
19
Let c(r) = -2*r - 14. Let k be c(-6). Let y(g) = 2*g**2 + g. Determine y(k).
6
Let z(a) be the first derivative of 4*a**3/3 - 3*a**2/2 + a - 35. Calculate z(2).
11
Let k(l) = l**3 + 6*l**2 + 7*l + 4. Let t be (-1 - 2) + 2 + -4. Calculate k(t).
-6
Let h(z) = z**3 + 4*z**2 + 2*z + 3. Let g = -23 - -19. What is h(g)?
-5
Let o(a) = -9 + 1 - 2*a**3 - a - 6*a**2 + 10 + 3*a**3. Determine o(6).
-4
Let y(q) be the first derivative of q**4/4 + 2*q**3 + 3*q**2 + 2*q - 20. Determine y(-5).
-3
Let s(j) = -j**2 - j - 2. Let i be 1*(-3 - -3)*-1. Suppose 1 = u - i. Let h = u - 1. Give s(h).
-2
Let k(d) = -3*d - 3. Let v be k(-2). Let z(o) = -o**2 - 1 + 0*o**2 - 17*o**3 + o + o**3 + 8*o**v. Let f(g) = -g**2 + 9*g + 11. Let s be f(10). Calculate z(s).
-9
Let p(w) be the second derivative of -w**5/20 + w**4/2 - 7*w**2/2 + 7*w. Give p(6).
-7
Let i(q) = 6 + 0*q - 8*q**2 - 2*q + 7*q. Let c(p) = -16*p**2 + 11*p + 13. Let s(t) = -6*c(t) + 13*i(t). What is s(-1)?
-7
Let a = 47 - 87/2. Let t(r) be the first derivative of 0*r - 2 + a*r**2. Give t(1).
7
Let r(f) be the third derivative of 0 + 1/120*f**6 + 0*f + 1/24*f**4 + 4*f**2 - 1/20*f**5 - 1/6*f**3. Determine r(2).
-3
Let t(s) = -s - 1. Let l(b) = -4*b**2 + 5*b + 5. Let j(q) = -l(q) - 6*t(q). Let m(w) = -w - 6. Let a be m(-7). Let c = a + -2. Determine j(c).
4
Let z(w) = 2*w**3 + 4*w**2 - 6*w + 2. Let f(o) = o**2 - o + 1. Let y(u) = -3*f(u) + z(u). Calculate y(-2).
-7
Let n = 4 - 2. Let q(d) = d + 5*d + n - 3*d + d. Calculate q(-2).
-6
Let g(m) = m**2 + 5*m. Let a(z) = 3*z**2 + 10*z + 1. Suppose 0 = 4*w - 11 + 39. Let b(u) = w*g(u) + 3*a(u). Calculate b(3).
6
Let f(w) = w**2 + 6*w + 2. Let c be f(-7). Suppose 0 = -5*o - 3*v + c, 8*o + 9 = 4*o + 3*v. Let k(z) = -z**3 + z**2 - 8. Calculate k(o).
-8
Let s(n) = n**2 + 7*n - 1. Let h = -40 - -34. Give s(h).
-7
Let o(l) = -l**3 + 6*l**2 - 3*l - 5. Let a = 12 - 8. Suppose 8*b - a*b = 20. Determine o(b).
5
Let k = 3 + 1. Suppose 18 + 2 = k*o. Let l(g) = 5*g - o*g - 5*g**2. Determine l(-1).
-5
Let x(c) = 4*c**2 + c + 7. Let o(q) = -3*q**2 - q - 6. Let w(g) = 5*o(g) + 4*x(g). Let h be w(3). Let p(v) = 2*v + 3*v - h*v. Cal